 1. Calculate v(s).
-3
Suppose -4*o + 2 = -6*o. Let r(m) = m + 1. Let u(k) = -2*k - 2. Let y(z) = o*u(z) - 3*r(z). What is y(4)?
-5
Let f(i) be the third derivative of i**4/24 + 3*i**2. Let d(u) = -2*u - 1. Let p(m) = -6*d(m) - 13*f(m). What is p(3)?
3
Let n(g) = -3 + 0*g + 0*g**2 - 2*g**2 - 4*g. Calculate n(-2).
-3
Let p(x) be the first derivative of x**2/2 - 3. Give p(-4).
-4
Let o(a) = -a**2 - 4*a - 1. Let f be o(-2). Let d(v) be the second derivative of -v**5/20 + v**4/4 - v**3/6 - 3*v**2/2 + 2*v. Determine d(f).
-6
Let z(s) = -s**2 - 10*s + 9. Let x be z(-11). Let b(a) = 3*a**2 + 3*a + 3. What is b(x)?
9
Let m(f) = 3*f**3 - 1 + 3*f**2 + 15*f - 13*f - 2*f**3. Give m(-2).
-1
Let p(z) be the third derivative of 1/20*z**5 - 1/24*z**4 + z**2 + 0 - 1/3*z**3 + 0*z. Let a(v) = -v**2 - v + 1. Let h(b) = 2*a(b) + p(b). Determine h(3).
0
Let b(l) be the second derivative of -7*l**3/6 + 2*l. Calculate b(-1).
7
Let h(d) = d**2 + 9*d + 6. Let s(i) = -3*i**2 - 18*i - 10. Let z(o) = 5*h(o) + 2*s(o). Give z(8).
18
Suppose 2*f = -4*g, -3*g = 2*g - 4*f + 13. Let b = 2 - 1. Let d(n) = -2*n - 2 + b - 4*n. What is d(g)?
5
Suppose 0 = s + 5*r - 17, 3*r - 2 + 1 = 4*s. Let d(c) be the second derivative of 2*c**3/3 - 3*c**2/2 + 2*c. What is d(s)?
5
Let g(u) = -1. Let n(i) = i**2 - i + 20. Let h(v) = -2*g(v) - n(v). What is h(0)?
-18
Let v be ((-12)/(-12))/((-2)/10). Let z(y) be the third derivative of y**4/24 + 2*y**3/3 + 4*y**2. Determine z(v).
-1
Let l(o) be the second derivative of -o**3/6 + 7*o**2/2 + 2*o. Let n(v) = v**3 + 6*v**2 + 4*v - 5. Suppose -2 = s + 3. Let d be n(s). Determine l(d).
7
Let g(v) = 9*v**2 - 5*v - 5. Let m(n) = -10*n**2 + 6*n + 6. Let u(r) = -6*g(r) - 5*m(r). Give u(1).
-4
Let k = -82 + 122. Suppose k = -2*f + 6*f. Suppose 0*y - 2*y = f. Let v(a) = a + 1. Give v(y).
-4
Let h(w) = 3*w**3 - 2*w**3 - 2 + 6*w**2 + 0. Suppose 0*p + 5*p + 30 = 0. Determine h(p).
-2
Let t(l) = -l**3 + 7*l**2 - l + 9. Suppose -x = -0*x + 5*q - 17, -5*x + 5*q = -25. What is t(x)?
2
Let r(l) = -l**3 + l**3 + l**2 - l**3. Let f be -3 - (-75)/20 - (-3)/(-4). What is r(f)?
0
Let l(v) be the first derivative of 7*v**2/2 - v + 1. Let i(k) = -k**2 - 5*k + 25. Let o be i(-8). What is l(o)?
6
Suppose -6*z = -4*z - 2. Let x(w) = w**2 + 3*w - 7. Let h(b) = b - 1. Let t(s) = z*x(s) - 5*h(s). Give t(3).
1
Let k(u) = 9*u - 5. Let z be k(4). Suppose 3*d = 5*c + z, 4*c + 19 = -3*d - c. Let r(g) = 2*g**2 - 7*g**d - g**2. Determine r(1).
-6
Let m(o) = 2*o - 1. Let j = 7 - 5. Let l(x) = x**2 - 3*x + 1. Let f be l(j). What is m(f)?
-3
Let b(k) = -2*k + 11. Let v be b(4). Let p(c) = 3*c**3 - 2*c**2 - 4*c - 2. Let i(o) = -7*o**3 + 4*o**2 + 9*o + 5. Let a(d) = 2*i(d) + 5*p(d). Determine a(v).
3
Let q = -38 - -37. Let u(i) = 4*i**2 - i - 1. Give u(q).
4
Let r(j) be the first derivative of 0*j + 9*j - 1 - j**2 - 2*j. Let p(c) = -4*c - 7. Let b be p(-3). Give r(b).
-3
Let v(a) = a**3 - 2*a**2 - 2*a + 2. Let m = 0 - -2. Calculate v(m).
-2
Let j(k) be the second derivative of k**6/360 + k**5/20 - 5*k**4/24 - k**3/2 + 2*k. Let b(t) be the second derivative of j(t). Calculate b(-5).
-10
Let j(q) = -2*q + 3. Suppose -r + 14 = -0*r - 5*t, -2*r + t + 1 = 0. Let b(p) = -p + 1. Let g(f) = r*j(f) + b(f). Calculate g(-4).
-6
Let y(v) be the second derivative of -v**4/12 + v**3/2 + v**2/2 - v. Suppose -l - 5*t = 18, 3*t + 13 = 5*l - 9. Suppose -5*u + l + 18 = 0. Give y(u).
-3
Let m(w) be the second derivative of w**3/6 - w**2/2 + w. Let n be m(-4). Let i(b) = -3*b + 17 - b**2 - 32 + 21. Calculate i(n).
-4
Let r(l) = -126*l**2 + 64*l**2 + 3 + 61*l**2 - 2*l. Give r(2).
-5
Let z(n) be the first derivative of n**4/4 - 4*n**3/3 + n**2 - 3*n + 7. Determine z(4).
5
Let j(i) be the first derivative of i**5/60 + i**4/24 - i**3/3 - 2*i**2 + 1. Let y(k) be the second derivative of j(k). Determine y(0).
-2
Suppose 2*q - k + 13 + 1 = 0, -2*k + 8 = 0. Let z(g) = -4*g - g**2 + 2 + g - g - 4. Determine z(q).
-7
Let a(s) be the third derivative of -s**4/24 - s**3/2 + 6*s**2. Determine a(4).
-7
Let h(n) = -3 + 3*n + 3 - 1 + 3*n. Let x = -1 + 0. What is h(x)?
-7
Let d = -33 + 33. Let o(n) = 5*n**2 + 5. Let h(m) be the first derivative of 4*m**3/3 + 5*m + 1. Let z(u) = -6*h(u) + 5*o(u). Give z(d).
-5
Suppose -6*u = -u. Suppose u = -3*n + 3, 2 = 3*l + 5*n - 3. Let h(b) = -b**3 - b**2 + b - 3. What is h(l)?
-3
Let h(r) = -2*r - 5. Let g be h(-8). Let v(c) = 7*c - 1. Let s(d) = -4*d + 3 - 3. Let a(f) = g*s(f) + 6*v(f). Calculate a(-4).
2
Suppose -5*z - 2*g + 4*g = -4, 0 = z + 5*g - 17. Suppose -z*i = -3*i + 2. Let s(p) = 5*p + 6*p**2 + 1 - p + 0*p**3 + 3*p**3 - i*p**3. Calculate s(-5).
6
Suppose 0 = 3*g - 9 - 0. Let n(i) = -i**3 + g - 2*i + 0*i**2 + 5*i**2 - 5. Determine n(4).
6
Let y(r) = 3*r**3 - 3*r**3 - r**3 - 4 + r - r**2. Let b be -2 - (-1 + 3*-1). Suppose -b*f = f. What is y(f)?
-4
Suppose 0 = -n + 3*b + 12, 0 = 3*n - 4*b - 20 + 4. Suppose 5 = 4*o + m, 3*o - 4*m - 18 = -n. Let p(a) = a**2 - a. Calculate p(o).
2
Let p = -4 - 0. Let z(f) = -f**2 - 5*f - 1. What is z(p)?
3
Let p(v) be the second derivative of -v**4/12 + 2*v**3/3 - 16*v. Let r(k) = -k. Let h be r(-3). Determine p(h).
3
Let p(h) = h**2 - h. Let k be p(3). Let t(l) = l**2 - l + 1. Let u(a) = 5*a**2 - a + 6. Let q(i) = -6*t(i) + u(i). Give q(k).
-6
Let j = 4 - -3. Let a(b) = -8*b**2 + b**3 + 9 + 0 + j*b**2. What is a(0)?
9
Let r(x) be the third derivative of 0*x + 1/60*x**5 + 5/24*x**4 + x**2 + 0*x**3 + 0. What is r(-6)?
6
Let d(w) = 2 + 1 - 4 - w. Let h(l) = l**3 + 7*l**2 + 8*l + 7. Let o be h(-5). Let r = o - 12. Give d(r).
-6
Suppose 0*u + 16 = -4*u. Let k(w) = w**3 + 4*w**2 - w + 4. What is k(u)?
8
Let l(q) = q**3 + q. Let x(u) = -4*u**3 + 5*u**2 - 8*u + 5. Let v(a) = -3*l(a) - x(a). What is v(4)?
-1
Let q(g) be the first derivative of -g**4/4 + 4*g**3/3 + 3*g**2 + 3. Let d be ((-2)/8)/((-10)/200). Determine q(d).
5
Let o(m) = m**2 - 5*m - 10. Let h be o(7). Let u(r) = r**2 - 5*r - 1. Calculate u(h).
-5
Let j(u) = -3*u**2 + 8*u + 4. Let c(k) = -7*k**2 + 15*k + 9. Let h(l) = 4*c(l) - 9*j(l). Give h(-12).
0
Let p(b) be the second derivative of -3*b**2 + 0 + 0*b**3 - 1/12*b**4 - b. What is p(0)?
-6
Let f(q) = -3*q**2 - q + 2. Let i be (-3 - 0)/(5 + -4). Determine f(i).
-22
Let l(s) = 3*s**2 + s - 2. Suppose 5*d + k - 3*k = -12, 9 = -2*d + 5*k. What is l(d)?
8
Suppose -6 = -4*i + 2*i. Let l(h) be the third derivative of -h**5/60 + h**4/24 + h**3/3 - 6*h**2. Give l(i).
-4
Suppose -2 = 2*s - 6. Let r(l) = 4*l**3 + 4 - 5*l**s - 9*l**3 + 10*l**2 + 4*l**3 - 6*l. Calculate r(4).
-4
Let k(a) = 6*a - 1. Let b be -2 + 2 + 2*1. Suppose p = -0*p + b. Suppose p*q - 3 = -1. Determine k(q).
5
Suppose -13 = -2*q - 5*t, 5*q + 5 = 3*t + 22. Suppose -q*b = b. Let s(o) = -22*o + 41*o - 18*o + 10. Calculate s(b).
10
Let j = 39 - 27. Let k = j - 6. Let f(p) = 3*p + 0 - 3 - 4*p + k*p. What is f(3)?
12
Let n(b) = b**2 + 4*b - 5. Let j(m) = -m**2 + 14*m + 11. Let x be j(15). Give n(x).
-5
Let r(f) = -3*f**3 + 4*f**2 - 4*f - 4. Let c(m) = 7*m**3 - 9*m**2 + 9*m + 9. Let o(q) = -2*c(q) - 5*r(q). Calculate o(3).
17
Let k(q) = 1 + 1576*q**2 - 9 + 6*q - 1575*q**2. Calculate k(-7).
-1
Suppose -5*g + 97 - 7 = 0. Let h(v) = -2*v - 17*v**2 - 1 + g*v**2 + 0. Determine h(3).
2
Let p(y) = -7 + y**2 - 5*y**2 + 3*y**2 + 12*y. Suppose 1 = o - 10. Let w be p(o). Let i(j) = j**2 - 4*j + 2. Determine i(w).
2
Let z(p) = p**3 + p**2 + 5. Let c = 0 + 2. Suppose f = c*f. Give z(f).
5
Let m(k) = -k - 1. Let z(p) be the third derivative of p**4/6 + 7*p**3/6 + 2*p**2. Let b(a) = -5*m(a) - z(a). Give b(-5).
-7
Let z(w) be the second derivative of -w**5/20 - w**4/2 + 4*w**3/3 - 5*w**2 + 29*w. Determine z(-7).
-17
Suppose -m = -2*m. Let y = m - -4. Suppose 0*v = 4*v + y. Let s(g) = -4*g**2 - 1. What is s(v)?
-5
Let u(h) = 3*h - 1. Let m be ((-1)/(-3))/(2/18). Let c be m + 1 + 0 + 0. What is u(c)?
11
Let u be 4/1 - 105/(-5). Let q(c) = -u*c + 2 - 30*c + 52*c. Calculate q(3).
-7
Let l(z) be the third derivative of -z**5/60 + z**4/4 - 4*z**3/3 + 2*z**2. Give l(6).
-8
Let a(x) be the first derivative of -x**5/20 - 5*x**4/12 - x**3 - x**2 + 3*x + 3. Let m(b) be the first derivative of a(b). What is m(-4)?
6
Let m = -347 - -353. Let r(a) = a + a**2 - 1 - 6*a + 2. What is r(m)?
7
Suppose 2*y + 4*b = 5*b + 5, -1